
{"id":11272,"date":"2025-10-29T08:24:33","date_gmt":"2025-10-29T07:24:33","guid":{"rendered":"https:\/\/przedszkole106.edu.wroclaw.pl\/?post_type=tribe_events&#038;p=11272"},"modified":"2025-10-29T08:24:40","modified_gmt":"2025-10-29T07:24:40","slug":"uroczysty-apel-z-okazji-dnia-niepodleglosci-wystep-grupy-iv-dla-wszystkich-przedszkolakow-nauczycieli-oraz-pracownikow-przedszkola","status":"publish","type":"tribe_events","link":"https:\/\/przedszkole106.edu.wroclaw.pl\/index.php\/wydarzenia\/uroczysty-apel-z-okazji-dnia-niepodleglosci-wystep-grupy-iv-dla-wszystkich-przedszkolakow-nauczycieli-oraz-pracownikow-przedszkola\/","title":{"rendered":"Uroczysty apel z okazji Dnia Niepodleg\u0142o\u015bci &#8211; wyst\u0119p grupy IV dla wszystkich Przedszkolak\u00f3w, Nauczycieli oraz Pracownik\u00f3w przedszkola"},"content":{"rendered":"","protected":false},"excerpt":{"rendered":"","protected":false},"author":319,"featured_media":0,"template":"","meta":{"ngg_post_thumbnail":0,"_tribe_events_status":"","_tribe_events_status_reason":"","footnotes":""},"tags":[],"tribe_events_cat":[52],"class_list":["post-11272","tribe_events","type-tribe_events","status-publish","hentry","tribe_events_cat-przedszkole","cat_przedszkole","clearfix"],"_links":{"self":[{"href":"https:\/\/przedszkole106.edu.wroclaw.pl\/index.php\/wp-json\/wp\/v2\/tribe_events\/11272","targetHints":{"allow":["GET"]}}],"collection":[{"href":"https:\/\/przedszkole106.edu.wroclaw.pl\/index.php\/wp-json\/wp\/v2\/tribe_events"}],"about":[{"href":"https:\/\/przedszkole106.edu.wroclaw.pl\/index.php\/wp-json\/wp\/v2\/types\/tribe_events"}],"author":[{"embeddable":true,"href":"https:\/\/przedszkole106.edu.wroclaw.pl\/index.php\/wp-json\/wp\/v2\/users\/319"}],"version-history":[{"count":1,"href":"https:\/\/przedszkole106.edu.wroclaw.pl\/index.php\/wp-json\/wp\/v2\/tribe_events\/11272\/revisions"}],"predecessor-version":[{"id":11273,"href":"https:\/\/przedszkole106.edu.wroclaw.pl\/index.php\/wp-json\/wp\/v2\/tribe_events\/11272\/revisions\/11273"}],"wp:attachment":[{"href":"https:\/\/przedszkole106.edu.wroclaw.pl\/index.php\/wp-json\/wp\/v2\/media?parent=11272"}],"wp:term":[{"taxonomy":"post_tag","embeddable":true,"href":"https:\/\/przedszkole106.edu.wroclaw.pl\/index.php\/wp-json\/wp\/v2\/tags?post=11272"},{"taxonomy":"tribe_events_cat","embeddable":true,"href":"https:\/\/przedszkole106.edu.wroclaw.pl\/index.php\/wp-json\/wp\/v2\/tribe_events_cat?post=11272"}],"curies":[{"name":"wp","href":"https:\/\/api.w.org\/{rel}","templated":true}]}}

Uroczysty apel z okazji Dnia Niepodległości &#8211; występ grupy IV dla wszystkich Przedszkolaków, Nauczycieli oraz Pracowników przedszkola
