
{"id":5218,"date":"2022-01-20T14:49:32","date_gmt":"2022-01-20T13:49:32","guid":{"rendered":"https:\/\/przedszkole106.edu.wroclaw.pl\/?page_id=5218"},"modified":"2026-02-01T22:26:31","modified_gmt":"2026-02-01T21:26:31","slug":"rekrutacja-2022-2023","status":"publish","type":"page","link":"https:\/\/przedszkole106.edu.wroclaw.pl\/index.php\/dla-rodzicow\/rekrutacja-2022-2023\/","title":{"rendered":"REKRUTACJA 2026\/2027"},"content":{"rendered":"<div class=\"wpb-content-wrapper\"><p>[vc_row][vc_column][vc_column_text css=&#8221;&#8221;]<strong><span style=\"font-family: arial, helvetica, sans-serif;font-size: 14pt\">Drodzy Rodzice,<\/span><\/strong><\/p>\n<p><strong><span style=\"font-family: arial, helvetica, sans-serif;font-size: 14pt\">ju\u017c niebawem rusza rekrutacja do przedszkoli oraz szk\u00f3\u0142 na rok 2026\/2027.\u00a0<\/span><\/strong><\/p>\n<p><strong>1. Przedszkola i oddzia\u0142y przedszkolne w Szko\u0142ach Podstawowych:<\/strong><\/p>\n<p><strong>Rekrutacja do przedszkoli i oddzia\u0142\u00f3w przedszkolnych w Szko\u0142ach Podstawowych:<\/strong><\/p>\n<p>&#8211; rozpocznie si\u0119<strong> 20 marca 2026 r. o godzinie 12:00<\/strong>.- zako\u0144czy si\u0119<strong> 25 marca 2026\u00a0 r. o godzinie 15:00.<\/strong><\/p>\n<p><strong>Rekrutacja uzupe\u0142niaj\u0105ca do przedszkoli i oddzia\u0142\u00f3w przedszkolnych w Szko\u0142ach Podstawowych:<\/strong><\/p>\n<p>&#8211; rozpocznie si\u0119<strong> 20 maja 2026 r. o godzinie 12:00.<\/strong>&#8211; zako\u0144czy si\u0119<strong> 22 maja 2026 r. o godzinie 15:00.<\/strong><\/p>\n<p><strong>2. Klasy I w Szko\u0142ach Podstawowych:<\/strong><\/p>\n<p><strong>Zg\u0142oszenia kandydat\u00f3w do klas I w obwodowych Szko\u0142ach Podstawowych:<\/strong><\/p>\n<p>&#8211; rozpocz\u0119cie\u00a0<strong>18 <\/strong>\u00a0<strong>lutego 2026 r. o godzinie 12:00.<\/strong>&#8211; zako\u0144czenie\u00a0<strong>24 lutego 2026 r. o godzinie 15:00.<\/strong><\/p>\n<p><strong>Rekrutacja uzupe\u0142niaj\u0105ca do Szk\u00f3\u0142 Podstawowych<\/strong><\/p>\n<p><strong>&#8211; <\/strong>rozpocz\u0119cie<strong> 19.03.2026r. o godzinie 12:00 &#8211; <\/strong>zako\u0144czenie<strong> 23.03.2026r. o godzinie 15:00<\/strong><\/p>\n<p>Wszelkie informacj\u0119 dotycz\u0105ce procedury z\u0142o\u017cenia dokumentacji dost\u0119pne s\u0105 w linkach do\u0142\u0105czonych poni\u017cej<\/p>\n<p><a href=\"https:\/\/przedszkole106.edu.wroclaw.pl\/wp-content\/uploads\/sites\/24\/2026\/02\/INFORMACJE-OGOLNE.docx\">INFORMACJE OG\u00d3LNE<\/a><\/p>\n<p><a href=\"https:\/\/przedszkole106.edu.wroclaw.pl\/wp-content\/uploads\/sites\/24\/2026\/02\/HARMONOGRAM-DLA-RODZICOW-ETAP-PODSTAWOWY.docx\">HARMONOGRAM DLA RODZIC\u00d3W &#8211; ETAP PODSTAWOWY<\/a><\/p>\n<p><a href=\"https:\/\/przedszkole106.edu.wroclaw.pl\/wp-content\/uploads\/sites\/24\/2026\/02\/HARMONOGRAM-DLA-RODZICOW-ETAP-UZUPELNIAJACY.docx\">HARMONOGRAM DLA RODZIC\u00d3W &#8211; ETAP UZUPE\u0141NIAJ\u0104CY<\/a><\/p>\n<p><a href=\"https:\/\/przedszkole106.edu.wroclaw.pl\/wp-content\/uploads\/sites\/24\/2026\/02\/DZIECI-O-SPECJALNYCH-POTRZEBACH.docx\">DZIECI O SPECJALNYCH POTRZEBACH<\/a><\/p>\n<p><a href=\"https:\/\/przedszkole106.edu.wroclaw.pl\/wp-content\/uploads\/sites\/24\/2026\/02\/DOCHOD.docx\">DOCH\u00d3D<\/a><\/p>\n<p><a href=\"https:\/\/przedszkole106.edu.wroclaw.pl\/wp-content\/uploads\/sites\/24\/2026\/02\/KOMUNIKAT.docx\">KOMUNIKAT<\/a><\/p>\n<p><a href=\"https:\/\/przedszkole106.edu.wroclaw.pl\/wp-content\/uploads\/sites\/24\/2026\/02\/KRYTERIA-.docx\">KRYTERIA<\/a><\/p>\n<p><a href=\"https:\/\/przedszkole106.edu.wroclaw.pl\/wp-content\/uploads\/sites\/24\/2026\/02\/ODWOLANIA.docx\">ODWO\u0141ANIA<\/a><\/p>\n<p><a href=\"https:\/\/przedszkole106.edu.wroclaw.pl\/wp-content\/uploads\/sites\/24\/2026\/02\/PODSTAWY-PRAWNE.docx\">PODSTAWY PRAWNE<\/a><\/p>\n<p><a href=\"https:\/\/przedszkole106.edu.wroclaw.pl\/wp-content\/uploads\/sites\/24\/2026\/02\/SAMOTNE-WYCHOWANIE.docx\">SAMOTNE WYCHOWANIE<\/a><\/p>\n<p><a href=\"https:\/\/przedszkole106.edu.wroclaw.pl\/wp-content\/uploads\/sites\/24\/2026\/02\/UDZIAL-W-REKRUTACJI.docx\">UDZIA\u0141 W REKRUTACJI<\/a><\/p>\n<p><a href=\"https:\/\/przedszkole106.edu.wroclaw.pl\/wp-content\/uploads\/sites\/24\/2026\/02\/WSPARCIE-TECHNICZNE.docx\">WSPARCIE TECHNICZNE<\/a>[\/vc_column_text][\/vc_column][\/vc_row][vc_row][vc_column][vc_gallery type=&#8221;image_grid&#8221; images=&#8221;11611,11610,11609&#8243; css=&#8221;&#8221; title=&#8221;Rekrutacja&#8221;][\/vc_column][\/vc_row]<\/p>\n<\/div>","protected":false},"excerpt":{"rendered":"<p>[vc_row][vc_column][vc_column_text css=&#8221;&#8221;]Drodzy Rodzice, ju\u017c niebawem rusza rekrutacja do przedszkoli oraz szk\u00f3\u0142 na rok 2026\/2027.\u00a0 1. Przedszkola i oddzia\u0142y przedszkolne w Szko\u0142ach Podstawowych: Rekrutacja do przedszkoli i oddzia\u0142\u00f3w przedszkolnych w Szko\u0142ach [&hellip;]<\/p>\n","protected":false},"author":146,"featured_media":11610,"parent":174,"menu_order":0,"comment_status":"closed","ping_status":"closed","template":"","meta":{"ngg_post_thumbnail":0,"footnotes":""},"class_list":["post-5218","page","type-page","status-publish","has-post-thumbnail","hentry","clearfix"],"_links":{"self":[{"href":"https:\/\/przedszkole106.edu.wroclaw.pl\/index.php\/wp-json\/wp\/v2\/pages\/5218","targetHints":{"allow":["GET"]}}],"collection":[{"href":"https:\/\/przedszkole106.edu.wroclaw.pl\/index.php\/wp-json\/wp\/v2\/pages"}],"about":[{"href":"https:\/\/przedszkole106.edu.wroclaw.pl\/index.php\/wp-json\/wp\/v2\/types\/page"}],"author":[{"embeddable":true,"href":"https:\/\/przedszkole106.edu.wroclaw.pl\/index.php\/wp-json\/wp\/v2\/users\/146"}],"replies":[{"embeddable":true,"href":"https:\/\/przedszkole106.edu.wroclaw.pl\/index.php\/wp-json\/wp\/v2\/comments?post=5218"}],"version-history":[{"count":22,"href":"https:\/\/przedszkole106.edu.wroclaw.pl\/index.php\/wp-json\/wp\/v2\/pages\/5218\/revisions"}],"predecessor-version":[{"id":11613,"href":"https:\/\/przedszkole106.edu.wroclaw.pl\/index.php\/wp-json\/wp\/v2\/pages\/5218\/revisions\/11613"}],"up":[{"embeddable":true,"href":"https:\/\/przedszkole106.edu.wroclaw.pl\/index.php\/wp-json\/wp\/v2\/pages\/174"}],"wp:featuredmedia":[{"embeddable":true,"href":"https:\/\/przedszkole106.edu.wroclaw.pl\/index.php\/wp-json\/wp\/v2\/media\/11610"}],"wp:attachment":[{"href":"https:\/\/przedszkole106.edu.wroclaw.pl\/index.php\/wp-json\/wp\/v2\/media?parent=5218"}],"curies":[{"name":"wp","href":"https:\/\/api.w.org\/{rel}","templated":true}]}}