
{"id":3549,"date":"2020-03-18T07:45:30","date_gmt":"2020-03-18T06:45:30","guid":{"rendered":"https:\/\/przedszkole106.edu.wroclaw.pl\/?page_id=3549"},"modified":"2026-04-21T18:42:28","modified_gmt":"2026-04-21T16:42:28","slug":"propozycje-dzialan-w-czasie-wolnym-dla-dzieci-i-rodzicow","status":"publish","type":"page","link":"https:\/\/przedszkole106.edu.wroclaw.pl\/index.php\/dla-rodzicow\/propozycje-dzialan-w-czasie-wolnym-dla-dzieci-i-rodzicow\/","title":{"rendered":"\u017bywienie"},"content":{"rendered":"<div class=\"wpb-content-wrapper\"><p>[vc_row][vc_column width=&#8221;1\/2&#8243;][vc_column_text css=&#8221;&#8221;]<\/p>\n<p style=\"text-align: center\"><span style=\"font-size: 18pt;font-family: georgia, palatino, serif\">W naszym przedszkolu obs\u0142ug\u0119 gastronomiczn\u0105 zapewnia firma<br \/>\n<strong>FUNDACJA ZNACZNIE WI\u0118CEJ.\u00a0<\/strong><\/span><\/p>\n<p>[\/vc_column_text][vc_column_text css=&#8221;&#8221;]<\/p>\n<p style=\"text-align: center\"><span style=\"font-size: 18pt\"><a href=\"https:\/\/przedszkole106.edu.wroclaw.pl\/wp-content\/uploads\/sites\/24\/2024\/11\/Wybor-Oferty.pdf\" target=\"_blank\" rel=\"noopener\">Wyb\u00f3r wykonawcy- Fundacja Znacznie Wi\u0119cej<\/a><\/span><\/p>\n<p>[\/vc_column_text][\/vc_column][vc_column width=&#8221;1\/2&#8243;][vc_column_text]<\/p>\n<p style=\"text-align: center\"><span style=\"font-family: georgia, palatino, serif;font-size: 18pt\">Aktualny jad\u0142ospis:<\/span><\/p>\n<p>[\/vc_column_text][vc_column_text][\/vc_column_text][vc_column_text css=&#8221;&#8221;]<\/p>\n<p style=\"text-align: center\"><span style=\"font-size: 18pt\"><a href=\"https:\/\/przedszkole106.edu.wroclaw.pl\/wp-content\/uploads\/sites\/24\/2026\/04\/Przedszkole-nr-106-Jadlospis-podstawowy-20.04.2026-24.04.2026.pdf\">1. Jad\u0142ospisy kwiecie\u0144<\/a><\/span><\/p>\n<p>[\/vc_column_text][\/vc_column][\/vc_row][vc_row][vc_column][vc_column_text css=&#8221;&#8221;]<\/p>\n<p style=\"text-align: center\"><span style=\"font-family: arial, helvetica, sans-serif;font-size: 14pt\"><span style=\"font-size: 18pt\"><strong>Certyfikat \u017cywieniowy<\/strong> <\/span><strong>\u00a0<\/strong><\/span><span style=\"font-family: arial, helvetica, sans-serif;font-size: 14pt\">za prowadzenie sto\u0142\u00f3wki <\/span><\/p>\n<p style=\"text-align: center\"><span style=\"font-family: arial, helvetica, sans-serif;font-size: 14pt\">w Przedszkolu nr 106 im. Heleny Bechlerowej\u00a0<\/span><\/p>\n<p>[\/vc_column_text][\/vc_column][\/vc_row][vc_row][vc_column][vc_gallery type=&#8221;image_grid&#8221; images=&#8221;10780&#8243; css=&#8221;&#8221; title=&#8221;Certyfikat&#8221;][\/vc_column][\/vc_row]<\/p>\n<\/div>","protected":false},"excerpt":{"rendered":"<p>[vc_row][vc_column width=&#8221;1\/2&#8243;][vc_column_text css=&#8221;&#8221;] W naszym przedszkolu obs\u0142ug\u0119 gastronomiczn\u0105 zapewnia firma FUNDACJA ZNACZNIE WI\u0118CEJ.\u00a0 [\/vc_column_text][vc_column_text css=&#8221;&#8221;] Wyb\u00f3r wykonawcy- Fundacja Znacznie Wi\u0119cej [\/vc_column_text][\/vc_column][vc_column width=&#8221;1\/2&#8243;][vc_column_text] Aktualny jad\u0142ospis: [\/vc_column_text][vc_column_text][\/vc_column_text][vc_column_text css=&#8221;&#8221;] 1. Jad\u0142ospisy kwiecie\u0144 [\/vc_column_text][\/vc_column][\/vc_row][vc_row][vc_column][vc_column_text [&hellip;]<\/p>\n","protected":false},"author":72,"featured_media":0,"parent":174,"menu_order":0,"comment_status":"closed","ping_status":"closed","template":"","meta":{"ngg_post_thumbnail":0,"footnotes":""},"class_list":["post-3549","page","type-page","status-publish","hentry","clearfix"],"_links":{"self":[{"href":"https:\/\/przedszkole106.edu.wroclaw.pl\/index.php\/wp-json\/wp\/v2\/pages\/3549","targetHints":{"allow":["GET"]}}],"collection":[{"href":"https:\/\/przedszkole106.edu.wroclaw.pl\/index.php\/wp-json\/wp\/v2\/pages"}],"about":[{"href":"https:\/\/przedszkole106.edu.wroclaw.pl\/index.php\/wp-json\/wp\/v2\/types\/page"}],"author":[{"embeddable":true,"href":"https:\/\/przedszkole106.edu.wroclaw.pl\/index.php\/wp-json\/wp\/v2\/users\/72"}],"replies":[{"embeddable":true,"href":"https:\/\/przedszkole106.edu.wroclaw.pl\/index.php\/wp-json\/wp\/v2\/comments?post=3549"}],"version-history":[{"count":201,"href":"https:\/\/przedszkole106.edu.wroclaw.pl\/index.php\/wp-json\/wp\/v2\/pages\/3549\/revisions"}],"predecessor-version":[{"id":11758,"href":"https:\/\/przedszkole106.edu.wroclaw.pl\/index.php\/wp-json\/wp\/v2\/pages\/3549\/revisions\/11758"}],"up":[{"embeddable":true,"href":"https:\/\/przedszkole106.edu.wroclaw.pl\/index.php\/wp-json\/wp\/v2\/pages\/174"}],"wp:attachment":[{"href":"https:\/\/przedszkole106.edu.wroclaw.pl\/index.php\/wp-json\/wp\/v2\/media?parent=3549"}],"curies":[{"name":"wp","href":"https:\/\/api.w.org\/{rel}","templated":true}]}}